 remainder when j is divided by 29.
25
Let c(j) = 7*j**2 - 2*j - 18. What is the remainder when 198 is divided by c(-3)?
45
Suppose -27*q = -29*q + 4. Suppose -2*r - 3*b + 13 = q*r, 3*b + 15 = 0. Calculate the remainder when 10 is divided by r.
3
Let q = -303 + 311. What is the remainder when 117 is divided by q?
5
Let u = 80 + -140. Let n = u - -68. Calculate the remainder when 15 is divided by n.
7
Let l(c) = 2*c**2 - 7*c + 5. Let u be l(4). Suppose 0 = -3*m + 27 + 18. What is the remainder when -1 + 5*u + -1 is divided by m?
13
Let h(b) = -38*b. Let c(p) = -p**2 - 7*p - 5. Let s be c(-2). Suppose 10*k - 70 = s*k. What is the remainder when h(-1) is divided by k?
10
Let k(a) be the second derivative of a**3/6 + a**2/2 - 2*a. Suppose 4*l + 8*c - 3*c = 54, -2*c = -3*l + 29. What is the remainder when k(l) is divided by 7?
5
Let l(u) = -u**3 + 6*u**2 - 3*u - 7. Let k(i) = 4*i - 15. Calculate the remainder when k(8) is divided by l(5).
2
Let z be (-4)/22 + (-180)/(-22). Suppose 5*j = z*j - 174. What is the remainder when j is divided by 12?
10
Suppose 4*h = 349 + 867. Let m = h - 155. What is the remainder when m is divided by 30?
29
Let w be (-7 - -9) + 1*-3. Let j be 80 - (0 - (-3 - w)). Suppose -8*n + j = -7*n. What is the remainder when n is divided by 20?
18
Let q be (-1 - 2)/(9/6). Suppose 2*z = 23 + 181. Calculate the remainder when z is divided by ((-120)/8)/(2/q).
12
Let a(y) = y - 2. Let o(w) = -w**2 + w - 1. Let i(m) = -a(m) + o(m). Let d(s) = -s + 5. Calculate the remainder when d(4) is divided by i(0).
0
Let r(l) = -l**3 - 19*l**2 + 28*l - 33. What is the remainder when r(-21) is divided by 54?
45
Let b = 137 - 121. Let c(x) = -x**2 - x + 31. What is the remainder when c(0) is divided by b?
15
Suppose 5*f + 48 = u, f - 6*f = 5*u - 300. Let s = -34 + u. What is the remainder when s is divided by 14?
10
Let t = 48 - 4. Suppose -53*q + 546 = -47*q. Suppose 0 = 10*w + 1 - q. Calculate the remainder when t is divided by w.
8
Let q = 768 - 729. Calculate the remainder when 64 is divided by q.
25
Suppose 4 = -4*j + 6*j. Suppose 9*r = -j*r + 891. Calculate the remainder when r is divided by 29.
23
Suppose -2*m = -2, 0*p + 2*p - 169 = -m. Calculate the remainder when 251 is divided by p.
83
Let s(a) = a**3 - 6*a**2 - 4*a + 9. Let m = -3 + 10. Let g = -49 - -57. What is the remainder when s(m) is divided by g?
6
Let u(c) = c**3 + 14*c**2 + 14*c + 28. Suppose -4*j + 40 = j. What is the remainder when u(-13) is divided by j?
7
Let m(x) = 3*x - 19. Suppose -2*i = 3*g - 16, -2*i - 2*g = -0*i - 18. Calculate the remainder when 124 is divided by m(i).
12
Suppose -3*b - 5 = -2*f, 4*f + 2*b - 2 = -0*b. Let x(c) = c**2 - 17*c + 18. What is the remainder when (f - 3 - -9) + 1 is divided by x(16)?
0
Let w(k) = 18*k**2 - 5*k - 6. Calculate the remainder when w(-2) is divided by 13.
11
Suppose -4*n = 4*j - 64, -3*j = -n - 7*j + 13. Calculate the remainder when n is divided by (-34)/(-8) - (-3)/4.
2
Let q = -197 - -357. Let d = 238 - q. What is the remainder when d is divided by 40?
38
Let z(y) = -y**3 + 2*y**2 + 5*y + 1. Suppose 3 = 2*r - t, 2*r - 2*t - t = 1. What is the remainder when 19 is divided by z(r)?
8
Let o = 336 - 321. What is the remainder when 26 is divided by o?
11
Let i(z) = z**2 - 11*z + 8. Let r be i(12). Let o = r + -8. Suppose -4*s + o = -12. Calculate the remainder when s is divided by 2.
0
Let i = 8 + -12. Let c be (-3)/i - 3/(-12). Suppose -5*k = -c - 14. Calculate the remainder when 8 is divided by k.
2
Let n = -830 + 836. Let h(q) be the third derivative of q**6/120 - q**5/10 + q**4/6 + q**2. Calculate the remainder when h(n) is divided by 9.
6
Let r be (-22)/(-5) + (-8)/20. Suppose -1851 = -5*d - 3*h, -5*h = 15 - 0. What is the remainder when ((-1)/(-1))/(r/d) is divided by 24?
21
Let i(o) = -83*o**3 + o**2 - 9*o - 9. Calculate the remainder when i(-1) is divided by 24.
12
Suppose 564 = 2*y + 560, -3*g - 4*y + 26 = 0. Suppose -f + 0 = -3. Suppose -f*q - 88 = -7*q. Calculate the remainder when q is divided by g.
4
Suppose -5*v = -x + 25, 0 = 6*v - 5*v + 3*x - 11. Let h = -20 - v. What is the remainder when 27*1 + h/(-8) is divided by 15?
14
Suppose 5*r = 6 + 4. Suppose -4*k = -2*k + 2*w - 22, -4*w = -r*k + 40. What is the remainder when 49 is divided by k?
7
Let u = 330 + -237. What is the remainder when u is divided by 6?
3
Suppose k - 6*k + 198 = w, -w = 3*k - 118. What is the remainder when k is divided by 19?
2
Suppose 0 = 2*h - 5*h + 9, -4*r + 87 = -3*h. Suppose -o - 3*o = -2*k - 176, 0 = -5*o - 4*k + 194. Calculate the remainder when o is divided by r.
18
Suppose 3*c = 9*c. Let h(o) = -o**2 + o + 40. Calculate the remainder when h(c) is divided by 15.
10
Suppose 0 = 4*v - 5*v. Suppose -5*s + 3*t + 6 = v, s - 2*t - 4 = 5*s. Suppose x - 2*x + 73 = s. What is the remainder when x is divided by 19?
16
Let m(p) = p**3 - 2*p**2 - 3. Let b be m(3). What is the remainder when (-66)/10*(1 + -6) is divided by 20 - 6*3/b?
16
Let l be ((-544)/48)/((-4)/102). Suppose -7 = -8*v + l. Calculate the remainder when 181 is divided by v.
33
What is the remainder when (-5)/30*-30 - -117 is divided by 14?
10
Let t(k) = -k**2 + k + 17. Let s(c) = 7*c**3 + 4*c**2 - 5*c + 4. What is the remainder when s(2) is divided by t(0)?
15
Let h = -430 - -552. What is the remainder when h is divided by 41?
40
Let n(v) = v**2 - 10*v + 12. Let j(l) = l + 4. Let h be j(5). Let d be n(h). Suppose -22 = -d*r + 11. Calculate the remainder when 31 is divided by r.
9
Let x(j) = -j**3 - 10*j**2 - 2. Let v be x(-10). Let w = 2 - v. Suppose w*d - 6 = 66. What is the remainder when 35 is divided by d?
17
Let g = 91 + -97. Calculate the remainder when (g - -7)/(-1 + (-147)/(-144)) is divided by 17.
14
Let z = -534 + 1213. What is the remainder when z is divided by 17?
16
Suppose -20*r - 4*d - 46 = -22*r, -r + 3 = 3*d. Calculate the remainder when (3 + -2 + 16)*2 is divided by r.
4
Suppose 17 = 2*m + 7. Suppose -4*l = -m*l + 105. Calculate the remainder when 62 is divided by (-9)/6 + l/6.
14
Let h(u) = u**3 - u**2 - 2*u + 15. Let g = 52 - 52. What is the remainder when 87 is divided by h(g)?
12
Let a(h) = -3*h + 25. What is the remainder when 30 is divided by a(6)?
2
Let d = -221 + 387. What is the remainder when d is divided by 4/(-30) + 1896/45?
40
Let a = -43 - -91. Suppose -2*m = -6*m + a. Suppose -57 = -3*y - 3*x, 0 = -3*y + x + 54 + 11. Calculate the remainder when y is divided by m.
9
What is the remainder when 4/(8 + (-792)/102) is divided by 8?
1
Let h = 126 - 80. What is the remainder when h is divided by 14?
4
Let z(o) = 3*o + 5. Let b be z(4). Suppose f = 2*u - 47, -b = 3*u - 3*f - 86. Calculate the remainder when 70 is divided by u.
22
Suppose 5*m - 26 = -1. Suppose -m*a = -4*p - 20 - 157, -5*p - 170 = 4*a. Let f = 53 + p. What is the remainder when 43 is divided by f?
13
Suppose 2*u - 3*u + 5 = 0. Let o be 15/12 + u/(-20). Suppose 0 = -3*x - o + 10. What is the remainder when 3 is divided by x?
0
Suppose 0*s - 3*s + 3*d = 0, -5*s - 4*d + 27 = 0. Suppose -s*f - c - c + 81 = 0, 2*c = 0. Calculate the remainder when 76 is divided by f.
22
Let i(u) be the third derivative of u**5/30 + u**4/12 - u**3/2 - 19*u**2. Calculate the remainder when i(4) is divided by 10.
7
Let m(k) = k**3 - k**2 - 10*k + 19. Suppose -3*u - y = -106, 3*y = -3*u + 6*y + 90. What is the remainder when u is divided by m(3)?
6
Suppose 88*k = 557 + 609 + 154. Suppose 0*o + 8 = o. What is the remainder when k is divided by o?
7
Let n be ((-2)/(-4))/((-14)/28). What is the remainder when 65 is divided by 17/(-3 - -3 - n)?
14
Let o be 3/(-12)*-4*3. Let b(t) = t**2 - 3*t. Let i be b(o). Suppose i = -2*l + 15 + 5. Calculate the remainder when 28 is divided by l.
8
Let w(n) = n**2 - 5*n - 15. Let f be w(7). Calculate the remainder when 9 - 0 - (f - -2) is divided by 3.
2
Suppose 4*d = -3 + 19, 0 = -5*z - 3*d + 37. Let s(i) = -5*i - 21. Calculate the remainder when s(-6) is divided by z.
4
Let o = 109 + -78. Suppose -3*j + o = -8. Let m = -32 - -67. What is the remainder when m is divided by j?
9
Let m be 0 - 2 - -1 - 0. Calculate the remainder when 23 is divided by m/(1 + 1 + (-17)/8).
7
Let z = 2256 + -2249. What is the remainder when 38 is divided by z?
3
Suppose 2*c - 5 = 3. Suppose -4*o + 17 